. Suppose 8 = 4*c - 16. Let l be 15/(-90) + 43/c. Calculate the greatest common factor of r and l.
7
Let p(n) = n**2 + 21*n + 36. Let g be p(-19). Let y be (5 + -7)/g*187. Calculate the highest common divisor of y and 11.
11
Suppose -6 = -s - 2. Let g be s*((-7)/(-3))/((-12)/(-18)). Suppose 0 = 3*v - r - 22 - 39, 0 = v - 5*r - 11. What is the greatest common factor of g and v?
7
Let v(q) = 26*q - 97. Let i be v(15). Let x = i - 292. Calculate the highest common factor of 2 and x.
1
Suppose -3*g - 93 = 3*w, -2*w + w + g = 23. Let h be (-12)/w*(19 + -10). What is the highest common factor of 10 and h?
2
Let m = -15673 + 16048. What is the highest common factor of m and 200?
25
Let a = -206 + 216. Let z be 106/9 + (-1)/((-45)/a). What is the greatest common divisor of 324 and z?
12
Let i be -8 - 0 - 850/(-85). Suppose 220 = 4*r - s, s = -0*r + r - 55. Let x = -33 + r. Calculate the highest common divisor of x and i.
2
Suppose 15*w - 5*w - 40 = 0. Suppose -3*g - t + 4 = 0, 2*t + w + 15 = 3*g. What is the highest common factor of 87 and g?
3
Let h(z) = -15*z - 689. Let y be h(-46). Calculate the greatest common factor of y and 37.
1
Suppose -5*u + 2*l - 396 = -1188, u - 164 = -l. What is the greatest common factor of u and 256?
32
Let f(r) = 120*r - 61. Let y be f(4). Let d = y + -407. What is the greatest common divisor of 76 and d?
4
Suppose 1370 = 3*s - 5*c, -2*s + 1375 = s - 4*c. Suppose s - 513 = -6*v. Let k = 38 - 26. What is the highest common divisor of v and k?
4
Suppose 5*p + k = 506, -104*k + 392 = 4*p - 100*k. What is the greatest common factor of 18 and p?
6
Suppose -7*q = 4*q - 132. Let x be (q/3 - -1)*(-44)/(-10). What is the highest common divisor of 154 and x?
22
Let m(f) = -593*f - 2145. Let g be m(-9). What is the greatest common divisor of g and 273?
21
Let g be (-6)/10 + (-66528)/(-480). Calculate the greatest common factor of 10 and g.
2
Let w be 8/4 + (-3 - 2). Let g be -7 - w/1 - -17 - 1. Calculate the highest common divisor of 192 and g.
12
Let n = -3079 + 3469. Calculate the greatest common divisor of n and 90.
30
Let u = 289 - 118. Suppose 0 = -5*v - 123 + 183. Suppose v*p = -p + 247. Calculate the highest common divisor of u and p.
19
Let f be (-12)/126*-7 - -141*(-4)/(-18). What is the highest common divisor of 7472 and f?
16
Let s(c) be the second derivative of -c**5/20 + 5*c**4/6 + 20*c**3/3 - 7*c**2/2 - c + 5. Let h be s(13). Calculate the highest common divisor of h and 10.
2
Suppose -3 = -3*m, -4*d = -0*d - 4*m - 4. Suppose 2295 = 7*x + d*x. Calculate the greatest common factor of x and 51.
51
Let o(u) = -2*u**3 - 13*u**2 + 97*u + 621. Let q be o(-6). Let f be ((-6)/3)/((-2)/(-11)). Let c be 3*f*(1 + -2). What is the greatest common factor of q and c?
3
Let p(s) = -s + 53. Let y be p(18). Let o be 0 - (-13852)/44 - (-16)/88. Calculate the greatest common divisor of y and o.
35
Suppose 19*h - 3*p = 20*h - 314, -1608 = -5*h + 4*p. What is the greatest common factor of 84 and h?
4
Suppose -10 + 115 = a. Let f = 6910 + -6847. Calculate the greatest common factor of a and f.
21
Let m be 73 + (-4 + 1)*(-13)/39. Suppose -102 - m = -8*q. Let w be 2*(46 + -1 - 1). What is the greatest common divisor of w and q?
22
Let d(g) = 3*g + 18. Let s be d(-5). Suppose 5*n - 760 = n + 3*m, -4*m + 545 = s*n. Calculate the highest common divisor of n and 17.
17
Let f(o) = -o**3 + 12*o**2 - 16*o - 32. Let c be f(10). Let w(p) = -p**3 + 8*p**2 + 2*p + 62. Let r be w(c). What is the greatest common divisor of r and 208?
26
Suppose -5*j = -2*j - 6, 5*j - 160 = -3*b. Let g(z) = -23*z - 1. Let m be g(-5). Let h = m - b. What is the highest common divisor of h and 8?
8
Let u(x) = x**2 + 7*x - 6. Let b be u(-8). Suppose b*a + 48 = -56. Let q = 90 + a. What is the greatest common divisor of 38 and q?
38
Let t = 135 + -130. Suppose 14*g = t*g + 1386. What is the highest common factor of g and 56?
14
Let o be 2/2 - (0 - 319). Suppose -3148 + 7008 = 193*g. Calculate the highest common divisor of o and g.
20
Suppose -33037 + 6961 = -6*w. Calculate the greatest common divisor of w and 106.
106
Let a = -64 - -97. Suppose q - a = -5*n, -110 = -q - 3*q + 2*n. Calculate the highest common divisor of q and 224.
28
Let l be (-414*64/(-96))/12. Let y be 1 + -1 - 0 - -437. Calculate the greatest common factor of y and l.
23
Let q(y) = 317*y - 768. Let m be q(6). What is the greatest common divisor of 98 and m?
14
Let w be (((-256)/704)/((-18)/165))/(10/36). What is the highest common divisor of w and 32268?
12
Let m be 50655/75 + 4/(-10). Calculate the highest common divisor of m and 30.
15
Let l(x) = -x**3 - 7*x**2 + 10*x + 17. Let j(g) = g**2 - 15*g + 18. Let t be j(13). Let m be l(t). Calculate the highest common factor of 1 and m.
1
Suppose -5*a = -2*n - 188, 4*a + 69*n = 73*n + 160. What is the highest common divisor of 4068 and a?
36
Suppose -n + 4*g = -996, -14*g - 2028 = -2*n - 15*g. What is the highest common factor of n and 644?
92
Let y be (19942/1183)/(2/35). Calculate the highest common divisor of 531 and y.
59
Let n be (-253)/(-5) + (-56)/(-140). Let f be (-10)/6 + 595/n. Calculate the greatest common factor of 35 and f.
5
Let w be (-1)/(7/(-60))*(-140)/200*-15. What is the greatest common divisor of w and 1665?
45
Let n be 3*(1 - -1) + -1. Let j(b) = -b**2 + 18*b + 2. Let k be j(18). Suppose -2*l + 38 = 3*r - k, r = 0. What is the highest common factor of n and l?
5
Let z(x) = 2*x**3 + 30*x**2 + 8*x + 124. Let g be z(-15). What is the highest common factor of 1996 and g?
4
Let m(d) = 2*d**2 + 31*d - 84. Let o be m(3). Calculate the highest common factor of 5157 and o.
27
Suppose 145*m - 8745 + 5043 = 7898. What is the highest common factor of m and 215?
5
Let n be (-98)/(-8) - (3 - 11/4). Let c be n/(-3)*(2 + -12). Calculate the highest common factor of 16 and c.
8
Let t be 2911 + -1 + 12 + -11. What is the greatest common divisor of t and 923?
71
Suppose 12*i + 4 = 14*i. Suppose 5*j - 3*u = 461, -2*j + 5*j - i*u - 277 = 0. Calculate the greatest common divisor of j and 26.
13
Suppose 3*c + 36*x - 188 = 41*x, 0 = -2*c - 7*x + 53. What is the greatest common factor of c and 51?
51
Suppose k = -11 - 30. Let g = -29 - k. Suppose -g = -r - 11*r. Calculate the greatest common factor of r and 11.
1
Suppose 3*q + 172 = 5*y - 25, 117 = 3*y - 3*q. Let s = y + -8. What is the greatest common divisor of 544 and s?
32
Suppose -6996*r + 6995*r = 5*z - 12, -2*r = 4*z - 12. Let m = 1 + 3. Suppose 4*i + w - 33 = m*w, -w = -i + 9. What is the greatest common divisor of i and z?
2
Let i(z) = -1120*z - 5296. Let k be i(-5). What is the highest common divisor of k and 384?
16
Suppose h - a - 4 = 0, -2*a + 2 = -h - 4*a. Let z = 5 - h. Suppose l + 78 = z*l. What is the greatest common divisor of l and 26?
13
Suppose -4*r = 11*z - 13*z + 4132, 5*z = -5*r + 10300. Suppose -5*x + 886 = 2*q - z, 2*q = -4*x + 2360. What is the highest common factor of x and 84?
84
Let w be -6 - (-1536)/((-56)/(-7)). Let k = -87 + w. Suppose 0 = 4*j - 138 + 6. Calculate the greatest common factor of j and k.
33
Suppose 3*z = -2*o + 7*z + 418, -o - 4*z = -203. Suppose -a + 115 = 3*r - 96, 0 = 3*r - 3*a - o. What is the greatest common divisor of 28 and r?
14
Let z(o) = -6 + 5 + 14 - 5 + 2*o**2 + 8*o. Let q be z(-9). What is the greatest common factor of q and 28?
14
Suppose 10*k - 4*c + 1 = 5*k, -3*c + 27 = 5*k. Suppose k*q + 9 = 0, 2*n + 21 = 4*n - 3*q. Calculate the greatest common divisor of n and 6.
6
Let w be 1/4 - (-20)/(-16) - 70. Let b = w - -73. Suppose 0 = -b*n - n - 3*s + 78, -n = 5*s - 46. What is the highest common factor of 35 and n?
7
Let v(g) = -g**3 + g**2 + g - 4. Let l be v(3). Let o = l + 20. Let i = -92 + 99. What is the greatest common factor of i and o?
1
Let d(g) = 4*g - 22 - 103*g**2 - g + 107*g**2 + g. Let h be d(4). What is the highest common divisor of h and 435?
29
Let n be (56/(-10))/((156/(-270))/13). Suppose 4*r - n = -2*r. What is the highest common divisor of r and 28?
7
Let b(j) = 116*j + 21. Let r be b(-4). Let c = r - -758. Calculate the greatest common divisor of c and 135.
45
Let q(m) = m**3 - m**2 + 10. Let k be q(0). Suppose g + w - 156 = 0, -202*g = -206*g + 4*w + 536. Calculate the greatest common factor of g and k.
5
Let z be 0/(5 + 0 + -4)